e 8 + (2 - 8) + (-3 - -4).
3
Calculate (-5 - ((-7 - -6) + -5)) + -6.
-5
Calculate 2 + 5 + (-3 - 0).
4
Evaluate (-10 - 26) + 15 + 11.
-10
Calculate (1 - 9) + -18 + 21.
-5
-4 + (14 - 7) + (1 - 7)
-3
Evaluate (-83 - -84) + -6 + -1.
-6
Evaluate -3 - (-6 - (0 - 3 - -2)).
2
What is 2 + 1 - 1 - (23 - 23)?
2
(-4 - -3) + -7 + 4
-4
Calculate (-7 - (-5 - -2)) + 3.
-1
4 + -10 - -7 - 2
-1
-1 + 1 + 1 + (9 - 11)
-1
What is ((-2 - -4) + -5 - 2) + 5?
0
Evaluate -3 - (0 + 3 - 3 - 2).
-1
8 - (-2 + (-4 - -5) + 4)
5
What is the value of 13 + -12 - -5 - -5?
11
1 - -1 - (15 + -11 - -1)
-3
Calculate (-3 - (1 - 3)) + 10 + -4.
5
Evaluate -7 + (-3 + -3 - -11).
-2
Evaluate -1 + 0 - -14 - 9.
4
What is (1 - -3) + 1 + -7 + 4?
2
0 + -2 - (-4 + 4)
-2
34 + -36 + -1 + 2 + -2
-3
(-3 + -1 - -4) + -2
-2
What is the value of 1 + -3 + -1 - (-53 + 48)?
2
Evaluate 8 + -2 + -4 + 0.
2
What is the value of 10 - (2 - 2 - -5)?
5
What is the value of (1 - (1 + 1)) + -5?
-6
Evaluate (2 - 1) + (3 - 5).
-1
What is the value of 0 + 3 - (0 - (-5 + 2))?
0
Evaluate -3 + (-2 - (-1 + -3)) + 6.
5
What is -9 + (6 - (-4 + 4)) - -5?
2
What is the value of (-35 - -23) + (-1 - -7)?
-6
What is (-7 - (6 - 16)) + -2?
1
Evaluate 2 - (-3 - 2 - -12).
-5
What is 0 + 2 + -7 + 12 + -9?
-2
-1 + -3 + 1 - (-8 - -3)
2
What is the value of -30 + 30 + (-2 - 0)?
-2
5 + (-1 - (4 + -5)) + -2
3
8 - 8 - (2 + -4)
2
8 - (-10 + 19) - -9
8
What is the value of (11 - 15) + -3 + 11?
4
Evaluate -4 + (-1 - 3) + (0 - -3).
-5
Evaluate -1 + 2 + -2 + (5 - 6).
-2
What is -12 + 17 + -1 + 0?
4
What is -8 - (-6 - (10 + -6) - -4)?
-2
What is (-5 - 1) + 62 + -59?
-3
Evaluate 4 + (13 + -6 - 16).
-5
Evaluate 8 + 0 - (5 + 0).
3
Evaluate (7 - (2 + 2)) + (1 - 7).
-3
Calculate -3 + -5 + 10 + 3.
5
Calculate (9 - (-9 + 9)) + -6.
3
What is 8 - (1 - (-1 + -1)) - 4?
1
Evaluate -2 - ((0 - 7) + 6 - -7).
-8
What is 4 + -3 + 3 - (-2 + 9)?
-3
What is 6 + (-16 - -18 - (14 + -2))?
-4
What is the value of 16 + (0 + -4 - -6) + -9?
9
What is 0 + 0 - (36 + -33)?
-3
Evaluate -2 + -4 + (1 - -8).
3
What is the value of 0 + -3 - ((-2 - 1) + 0)?
0
Evaluate -2 - (5 - 4 - 3).
0
What is -3 + (1 - 1) + (-67 - -65)?
-5
Evaluate 1 + 11 + -4 - 3.
5
Evaluate -2 - -5 - (-6 + (-2 - -12)).
-1
Calculate (3 - -6 - 3) + -12.
-6
Calculate -3 - (-8 + 7 - -3).
-5
Calculate -5 + (15 + -20 - (-2 - 0)).
-8
What is -1 + 0 - (-3 + -1) - 3?
0
Evaluate -3 + (5 - -5 - 6).
1
(3 + 2 - 17) + 7
-5
0 + (-4 - (-2 - -2 - 8))
4
Calculate -5 + (-6 + 2 + 8 - -3).
2
Calculate 6 + (-2 - ((-1 - -1) + 1)).
3
What is the value of 9 - (-1 + 1 + 4)?
5
Evaluate -2 + 2 + -1 + -2.
-3
What is the value of -3 - ((-2 - -3) + 0 + -3)?
-1
What is the value of (-4 + 3 - 3) + 7?
3
Evaluate 7 + 4 + 6 + -10 + -1.
6
1 - (3 - (1 - (3 - 9)))
5
Calculate 0 - 4 - (-9 + 2 + 1).
2
What is the value of (-4 - -8) + -6 - (2 - 3)?
-1
What is the value of -1 + (1 - (7 + -2 + -12))?
7
What is (-7 - (4 - 0)) + (4 - 0)?
-7
What is -2 + (4 + 8 - 7)?
3
-3 + 5 + -2 + 5 + -11
-6
-10 - (-1 - (1 - (-2 - 1)))
-5
1 - 0 - (5 + -2 - 7)
5
Evaluate -2 - 0 - -2 - (40 - 41).
1
What is the value of -20 + 20 + (4 - 4 - 2)?
-2
Evaluate 1 + 4 + -5 - (-1 + 1).
0
What is the value of (12 - (4 - -8)) + -10?
-10
Evaluate -4 + 4 + 2 + 1 - 3.
0
Calculate -9 + (5 - -4 - 3).
-3
Evaluate 4 + 6 + 1 + -5.
6
What is -1 + (-2 - -4 - 0)?
1
Calculate -2 + (7 - (-3 + 10 + -3)).
1
Evaluate (3 + -1 - -7) + -8.
1
Calculate 7 - (14 - (-4 + 7)).
-4
(-3 - (5 + -3)) + (-17 - -19)
-3
1 + (-6 - (-6 - -1))
0
What is the value of -101 + 98 + 0 + (-2 - -4)?
-1
What is -84 + 82 - (-2 + 1 + 0)?
-1
Calculate -6 - (-2 - -1) - (32 + -31).
-6
Evaluate -5 + 2 + (2 - 4).
-5
What is the value of 8 + -3 - (1 + (0 - -1))?
3
Evaluate 0 + -8 + 1 + (56 - 51).
-2
What is -5 + (-2 - -6) + (-8 - -11)?
2
What is -26 + 23 + 5 + (0 - -1)?
3
Evaluate 6 - (10 - 1) - 2.
-5
What is -11 + 7 - -2 - -5?
3
What is (20 - 22) + (0 - -4)?
2
What is 1 + 5 + -1 - (266 - 260)?
-1
What is the value of 6 - (5 - 1) - 0?
2
Calculate 1 - ((-5 - (9 + -6)) + 3).
6
What is 6 - (-1 - (1 - 6) - 2)?
4
What is the value of 4 + (4 - -3) + -4 + -2?
5
-5 - 9 - (-4 - 0) - -3
-7
Calculate (5 - 0) + -4 - 2 - -1.
0
What is the value of (-2 + 6 - -4) + -7?
1
What is the value of 2 - ((4 - -3) + -5)?
0
Evaluate 0 + (96 + -98 - (-1 - -7)).
-8
Calculate 4 - (-7 - (5 - 15) - 8).
9
Evaluate -3 - -4 - -2 - 1.
2
Evaluate 3 + (-8 - (1 + -5)).
-1
What is the value of 7 - 4 - (-1 - 2) - 2?
4
Evaluate 1 - (3 + -1) - (8 - 16).
7
Calculate (2 - 3) + (-6 - (-3 + 1)).
-5
Calculate 1 - (-2 - 3) - 2.
4
What is (2 - (-8 + 3 - -3)) + -6?
-2
Calculate -5 - -9 - (4 + (-2 - -1)).
1
Calculate 2 - (-4 + 9 + 4).
-7
What is the value of 5 - (-1 + (2 - -3))?
1
(-1 + 0 - (1 - -2)) + 3
-1
What is -3 - (-13 + 6) - (-5 - -11)?
-2
What is 20 + -23 - (0 - 1 - 3)?
1
Calculate (0 - -1) + (-13 - -8 - -4).
0
Calculate 6 + (-4 - -6) + -5 + -4.
-1
What is the value of (-1 - 0) + 1 - 0?
0
0 - (4 - (7 - 4)) - -2
1
What is 2 - ((-9 - -14) + 0 + 0)?
-3
Calculate (-3 - -5 - -3) + 0.
5
-3 + -6 + 5 + 6
2
-6 + 3 + 0 + -1 + -1
-5
Calculate 0 - (-4 + 0 + (10 - 2)).
-4
What is -1 - (5 - (3 + (-2 - -2)))?
-3
-2 + 3 + 45 + -45
1
What is 2 + -4 + (4 - 5)?
-3
Evaluate -2 + 6 + -4 + 5.
5
Evaluate (0 - 0) + -1 + 2 + -4.
-3
-13 + (6 - (-7 - -14) - -3)
-11
Evaluate (2 + 11 - 3) + -14.
-4
What is 1 + (-3 - 0) - (-5 + -1)?
4
What is the value of 0 - -7 - ((1 - 3) + 4)?
5
Calculate -1 + 3 + -2 + 3.
3
What is the value of 0 + -7 + (-7 + 5 - -5)?
-4
Calculate -4 - (2 + -2 + 0).
-4
What is 2 + -7 + (3 - 0)?
-2
What is (2 - -1) + -4 + 2?
1
What is the value of 4 + 0 - (2 + 0 + -2)?
4
Evaluate -6 - ((-2 - -2) + -5).
-1
What is the value of -1 + (7 - 8) - 7?
-9
(-8 - (-3 + (-8 - 2))) + -4
1
(-13 + 6 - -3) + 10 + -1
5
Calculate -8 + 19 - 1 - 5.
5
What is the value of 1 + -1 - (0 + -1)?
1
What is 15 + -18 - (1 - 9)?
5
Calculate -2 - (-7 + 4) - (-6 - 2).
9
5 - 1 - (8 - (3 - -2))
1
Calculate (-1 + 3 - (-13 + 14)) + 2.
3
What is 6 + (-7 - -7) + 3 + -3?
6
Calculate 15 - 18 - (-2 + 0).
-1
What is (1 - (2 + 1) - -1) + 3?
2
What is -2 + 6 - (-9 - -2 - -6)?
5
Evaluate -3 - -1 - (-4 + 5).
-3
What is the value of 0 - ((5 - 8) + (2 - -4))?
-3
Calculate (-4 - -7) + (-4 - -2).
1
-12 + 8 + 4 + -1
-1
Calculate -2 + 6 + 0 + -9 - -6.
1
Calculate -3 - (1 + (7 - 0) + -14).
3
Calculate 7 + (4 - 6) + 2 + 2.
9
What is the value of (1 - 1 - (-38 + 42)) + 6?
2
(2 - -6) + (8 + -7 - 0)
9
-5 + (3 - 6) + 9
1
What is the value of 2 + 0 + -2 - -4?
4
What is the value of 3 - (3 + (-5 - -4) + 2)?
-1
What is the value of -2 - (-4 - (-3 - 2))?
-3
What is -1 + (-5 - -2 - -1) + 7?
4
What is 4 - (6 + -8 - (1 + -9))?
-2
Calculate (3 - (-9 - -3) - 2) + 1.
8
What is the value of 1 + -10 + (27 - 25)?
-7
Calculate (0 - -5) + (-4 - 3) + -2.
-4
What is -5 - (3 + -12 + -2)?
6
-1 + 6 + (-82 - -76)
-1
What is the value of -7 + (-12 + 17 - -7)?
5
-5 - (6 - 8) - (0 + -1)
-2
What is the value of 11 + (1 - 6) + 0?
6
(-3 - -1) + (10 - (15 + -1))
-6
What is -2 + (1 - -1) + 0 - -5?
5
What is the value of -6 + 9 - -2 - 6 - -8?
7
What is the value of -2 + 1 + (8 - (11 + -6))?
2
Evaluate 4 + 3 + (2 - 4).
5
-1 + -12 + 6 + (2 - -1)
-4
What is -1 - (-1 - -5) - -3?
-2
Calculate 7 - (-1 - -2) - -1 - 4.
3
Calculate (0 - -1) + (-4 - 5) - -4.
-4
Calculate 9 - 4 - 10 - (-3 - 0).
-2
What is -3 - (3 - (4 + -2 + 1))?
-3
What is (5 - -1) + 2 + -2?
6
Evaluate -17 + 16 - (-1 + -9).
9
5 + -1 + -4 + 3
3
What is (-1 + 3 - 1) + 5 + -1?
5
(5 - -1) + (-4 - (2 - 2))
2
What is 2 - (-2 - -1) - (-20 + 21)?
2
-4 + 3 - (-2 + -3)
4
-10 - (3 + (-13 - (1 + -7)))
-6
Calculate -3 - (-2 + 0) - (-4 - -4).
-1
0 + (-2 - 4) - (141 - 149)
2
What is (-10 - -8) + -6 - -1?
-7
Evaluate -9 - ((20 - 9) + -28).
8
What is the value of -3 + -3 + -2 + 11?
3
Evaluate -2 - ((0 - 2) + (3 - -1)).
-4
Calculate 0 + (-18 - -17 - (1 + -1)).
-1
Evaluate 17 + -5 + -5 + -12.
-5
Evaluate -14 - -4 - -5 - -9 - 2.
2
Evaluate -15 + 8 - 10 - -10.
-7
What is 16 + -17 + (2 - 5)?
-4
Calculate (-2 - 3) + 5 + 0 + 1.
1
-3 - (1 + (1 - 4))
-1
Calculate 1 - 0 - (-1 - (2 - 4)).
0
-3 - (26 + -12 + -7)
-10
What is -10 + 6 - (-2 - -1)?
-3
0 + 0 - -8 - 10
-2
Calculate 2 + (-2 - -1) + 7 + -16.
-8
What is the value of -5 + 8 + -4 + -2?
-3
Calculate (103 - 111) + (0 - -7).
-1
What is -12 + (-15 - -7) + 20?
0
What is the value of (-1 